{"id":1326,"date":"2022-05-11T09:03:06","date_gmt":"2022-05-11T09:03:06","guid":{"rendered":"https:\/\/server878551.nazwa.pl\/wp\/?page_id=1326"},"modified":"2023-04-04T08:06:12","modified_gmt":"2023-04-04T08:06:12","slug":"warunki-przyjecia","status":"publish","type":"page","link":"https:\/\/dpsmarszalki.pl\/?page_id=1326","title":{"rendered":"Warunki przyj\u0119cia"},"content":{"rendered":"\n<p>Dom Pomocy Spo\u0142ecznej w Marsza\u0142kach przeznaczony jest dla os\u00f3b przewlekle somatycznie chorych, a w szczeg\u00f3lno\u015bci dla:<\/p>\n\n\n\n<ul class=\"wp-block-list\">\n<li>os\u00f3b wymagaj\u0105cych ca\u0142odobowej opieki z powodu wieku, choroby lub niepe\u0142nosprawno\u015bci,<\/li>\n\n\n\n<li>os\u00f3b nie mog\u0105cych samodzielnie funkcjonowa\u0107 w codziennym \u017cyciu,<\/li>\n\n\n\n<li>os\u00f3b kt\u00f3rym nie mo\u017cna zapewni\u0107 niezb\u0119dnej pomocy w formie us\u0142ug opieku\u0144czych.<\/li>\n<\/ul>\n\n\n\n<p>Decyzj\u0119 o skierowaniu osoby do DPS i op\u0142acie za pobyt wydaje organ gminy, z kt\u00f3rej ta osoba pochodzi.<\/p>\n\n\n\n<p>Obowi\u0105zani do wnoszenia op\u0142aty za pobyt w DPS s\u0105 w kolejno\u015bci:<\/p>\n\n\n\n<ul class=\"wp-block-list\">\n<li>mieszkaniec domu \u2013 nie wi\u0119cej ni\u017c 70% swojego dochodu,<\/li>\n\n\n\n<li>ma\u0142\u017conek i\/lub dzieci mieszka\u0144ca:<\/li>\n\n\n\n<li>osoba samotnie gospodaruj\u0105ca, je\u017celi jej doch\u00f3d jest wy\u017cszy ni\u017c 250% kryterium dochodowego,<\/li>\n\n\n\n<li>osoba w rodzinie, je\u017celi doch\u00f3d na osob\u0119 jest ni\u017cszy ni\u017c 351 z\u0142.<\/li>\n\n\n\n<li>gmina, z kt\u00f3rej osoba zosta\u0142a skierowana do DPS \u2013 w wysoko\u015bci r\u00f3\u017cnicy mi\u0119dzy \u015brednim kosztem utrzymania w Domu, a op\u0142atami wnoszonymi przez ww. osoby.<\/li>\n<\/ul>\n\n\n\n<p>Wszelkie informacje dotycz\u0105ce mo\u017cliwo\u015bci umieszczenia w naszym Domu mo\u017cna uzyska\u0107 pod nr telefonu:<\/p>\n\n\n\n<p>Sekretariat: 062 732 07 00 <br>Pracownicy socjalni:\u00a0 062 732 07 03 <\/p>\n","protected":false},"excerpt":{"rendered":"<p>Dom Pomocy Spo\u0142ecznej w Marsza\u0142kach przeznaczony jest dla os\u00f3b przewlekle somatycznie chorych, a w szczeg\u00f3lno\u015bci dla: os\u00f3b wymagaj\u0105cych ca\u0142odobowej opieki z powodu wieku, choroby lub niepe\u0142nosprawno\u015bci, os\u00f3b nie mog\u0105cych samodzielnie funkcjonowa\u0107 w codziennym \u017cyciu, os\u00f3b kt\u00f3rym nie mo\u017cna zapewni\u0107 niezb\u0119dnej pomocy w formie us\u0142ug opieku\u0144czych. Decyzj\u0119 o skierowaniu osoby do DPS i op\u0142acie za pobyt &hellip;<\/p>\n","protected":false},"author":1,"featured_media":0,"parent":0,"menu_order":0,"comment_status":"closed","ping_status":"closed","template":"","meta":{"footnotes":""},"class_list":["post-1326","page","type-page","status-publish","hentry"],"_links":{"self":[{"href":"https:\/\/dpsmarszalki.pl\/index.php?rest_route=\/wp\/v2\/pages\/1326","targetHints":{"allow":["GET"]}}],"collection":[{"href":"https:\/\/dpsmarszalki.pl\/index.php?rest_route=\/wp\/v2\/pages"}],"about":[{"href":"https:\/\/dpsmarszalki.pl\/index.php?rest_route=\/wp\/v2\/types\/page"}],"author":[{"embeddable":true,"href":"https:\/\/dpsmarszalki.pl\/index.php?rest_route=\/wp\/v2\/users\/1"}],"replies":[{"embeddable":true,"href":"https:\/\/dpsmarszalki.pl\/index.php?rest_route=%2Fwp%2Fv2%2Fcomments&post=1326"}],"version-history":[{"count":2,"href":"https:\/\/dpsmarszalki.pl\/index.php?rest_route=\/wp\/v2\/pages\/1326\/revisions"}],"predecessor-version":[{"id":2100,"href":"https:\/\/dpsmarszalki.pl\/index.php?rest_route=\/wp\/v2\/pages\/1326\/revisions\/2100"}],"wp:attachment":[{"href":"https:\/\/dpsmarszalki.pl\/index.php?rest_route=%2Fwp%2Fv2%2Fmedia&parent=1326"}],"curies":[{"name":"wp","href":"https:\/\/api.w.org\/{rel}","templated":true}]}}

Warunki przyjęcia

<p>Dom Pomocy Społecznej w Marszałkach przeznaczony jest dla osób przewlekle somatycznie chorych, a w szczególności dla:</p>



<ul class="wp-block-list">
<li>osób wymagających całodobowej opieki z powodu wieku, choroby lub niepełnosprawności,</li>



<li>osób nie mogących samodzielnie funkcjonować w codziennym życiu,</li>



<li>osób którym nie można zapewnić niezbędnej pomocy w formie usług opiekuńczych.</li>
</ul>



<p>Decyzję o skierowaniu osoby do DPS i opłacie za pobyt wydaje organ gminy, z której ta osoba pochodzi.</p>



<p>Obowiązani do wnoszenia opłaty za pobyt w DPS są w kolejności:</p>



<ul class="wp-block-list">
<li>mieszkaniec domu – nie więcej niż 70% swojego dochodu,</li>



<li>małżonek i/lub dzieci mieszkańca:</li>



<li>osoba samotnie gospodarująca, jeżeli jej dochód jest wyższy niż 250% kryterium dochodowego,</li>



<li>osoba w rodzinie, jeżeli dochód na osobę jest niższy niż 351 zł.</li>



<li>gmina, z której osoba została skierowana do DPS – w wysokości różnicy między średnim kosztem utrzymania w Domu, a opłatami wnoszonymi przez ww. osoby.</li>
</ul>



<p>Wszelkie informacje dotyczące możliwości umieszczenia w naszym Domu można uzyskać pod nr telefonu:</p>



<p>Sekretariat: 062 732 07 00 <br>Pracownicy socjalni:  062 732 07 03 </p>

<p>Dom Pomocy Społecznej w Marszałkach przeznaczony jest dla osób przewlekle somatycznie chorych, a w szczególności dla: osób wymagających całodobowej opieki z powodu wieku, choroby lub niepełnosprawności, osób nie mogących samodzielnie funkcjonować w codziennym życiu, osób którym nie można zapewnić niezbędnej pomocy w formie usług opiekuńczych. Decyzję o skierowaniu osoby do DPS i opłacie za pobyt &hellip;</p>
