{"id":7289,"date":"2025-06-26T12:12:05","date_gmt":"2025-06-26T12:12:05","guid":{"rendered":"https:\/\/dpsmarszalki.pl\/?page_id=7289"},"modified":"2025-07-09T11:20:23","modified_gmt":"2025-07-09T11:20:23","slug":"opieka-wytchnieniowa","status":"publish","type":"page","link":"https:\/\/dpsmarszalki.pl\/?page_id=7289","title":{"rendered":"Opieka wytchnieniowa"},"content":{"rendered":"\n<figure class=\"wp-block-gallery has-nested-images columns-default is-cropped wp-block-gallery-1 is-layout-flex wp-block-gallery-is-layout-flex\">\n<figure class=\"wp-block-image size-large\"><a href=\"https:\/\/dpsmarszalki.pl\/wp-content\/uploads\/2025\/07\/ulotka-wersja-15.png\"><img loading=\"lazy\" decoding=\"async\" width=\"732\" height=\"1024\" data-id=\"7475\" src=\"https:\/\/dpsmarszalki.pl\/wp-content\/uploads\/2025\/07\/ulotka-wersja-15-732x1024.png\" alt=\"\" class=\"wp-image-7475\" srcset=\"https:\/\/dpsmarszalki.pl\/wp-content\/uploads\/2025\/07\/ulotka-wersja-15-732x1024.png 732w, https:\/\/dpsmarszalki.pl\/wp-content\/uploads\/2025\/07\/ulotka-wersja-15-215x300.png 215w, https:\/\/dpsmarszalki.pl\/wp-content\/uploads\/2025\/07\/ulotka-wersja-15-768x1074.png 768w, https:\/\/dpsmarszalki.pl\/wp-content\/uploads\/2025\/07\/ulotka-wersja-15.png 864w\" sizes=\"auto, (max-width: 732px) 100vw, 732px\" \/><\/a><\/figure>\n<\/figure>\n\n\n\n<p>Dom Pomocy Spo\u0142ecznej w Marsza\u0142kach realizuje program opieki wytchnieniowej w ramach pobytu ca\u0142odobowego, zgodnie z uchwa\u0142\u0105:<\/p>\n\n\n\n<div class=\"wp-block-file\"><a id=\"wp-block-file--media-01788361-9608-47d3-84e1-d49b90599d57\" href=\"https:\/\/dpsmarszalki.pl\/wp-content\/uploads\/2025\/07\/UCHWALA-NR-XII742025-RADY-POWIATU-W-OSTRZESZOWIE-z-dnia-28-marca-2025-r.pdf\" target=\"_blank\" rel=\"noreferrer noopener\">UCHWA\u0141A NR XII742025 RADY POWIATU W OSTRZESZOWIE z dnia 28 marca 2025 r<\/a><a href=\"https:\/\/dpsmarszalki.pl\/wp-content\/uploads\/2025\/07\/UCHWALA-NR-XII742025-RADY-POWIATU-W-OSTRZESZOWIE-z-dnia-28-marca-2025-r.pdf\" class=\"wp-block-file__button wp-element-button\" download aria-describedby=\"wp-block-file--media-01788361-9608-47d3-84e1-d49b90599d57\">Pobierz<\/a><\/div>\n\n\n\n<p>Osoby z powiatu ostrzeszowskiego ustalaj\u0105 termin, jak i dokonuj\u0105 niezb\u0119dnych formalno\u015bci w porozumieniu bezpo\u015brednio z Domem Pomocy Spo\u0142ecznej. Natomiast osoby spoza powiatu ostrzeszowskiego udaj\u0105 si\u0119 do O\u015brodka Pomocy Spo\u0142ecznej miejsca zamieszkania i prosz\u0105 o zawarcie porozumienia mi\u0119dzy gmin\u0105\/ powiatem a powiatem ostrzeszowskim na realizacj\u0119 opieki wytchnieniowej.<\/p>\n\n\n\n\n\n<div class=\"wp-block-file\"><a id=\"wp-block-file--media-65a202d9-7233-4f37-a44e-107d6864975d\" href=\"https:\/\/dpsmarszalki.pl\/wp-content\/uploads\/2025\/07\/Porozumienie-powiat-gmina-3-5.docx\">Porozumienie powiat-gmina (3)<\/a><a href=\"https:\/\/dpsmarszalki.pl\/wp-content\/uploads\/2025\/07\/Porozumienie-powiat-gmina-3-5.docx\" class=\"wp-block-file__button wp-element-button\" download aria-describedby=\"wp-block-file--media-65a202d9-7233-4f37-a44e-107d6864975d\">Pobierz<\/a><\/div>\n\n\n\n<p>Dokumenty, niezb\u0119dne do skorzystania z us\u0142ug opieki wytchnieniowej:<\/p>\n\n\n\n<ul class=\"wp-block-list\">\n<li>orzeczenie o znacznym stopniu niepe\u0142nosprawno\u015bci (zgodnie z ustaw\u0105 z dnia 27 sierpnia 1997r. o rehabilitacji zawodowej i spo\u0142ecznej oraz zatrudnianiu os\u00f3b niepe\u0142nosprawnych (Dz. U. z 2021 r. poz. 573) albo orzeczenie traktowane na r\u00f3wni z orzeczeniem o znacznym stopniu niepe\u0142nosprawno\u015bci (zgodnie z art. 5 i art. 62 ustawy z dnia 27 sierpnia 1997 r. o rehabilitacji zawodowej i spo\u0142ecznej oraz zatrudnianiu os\u00f3b niepe\u0142nosprawnych (Dz.U. z 2023 r. poz.100, z p\u00f3\u017an. zm.) poprzez mo\u017cliwo\u015b\u0107 uzyskania dora\u017anej, czasowej pomocy w formie us\u0142ugi opieki wytchnieniowej,<\/li>\n<\/ul>\n\n\n\n<ul class=\"wp-block-list\">\n<li>karta zg\u0142oszenia do Programu &#8222;Opieka wytchnieniowa&#8221; dla Jednostek Samorz\u0105du Terytorialnego- edycja 2025 <\/li>\n<\/ul>\n\n\n\n<div class=\"wp-block-file\"><a id=\"wp-block-file--media-cd75fd40-5b00-4f6e-8f78-972403a2bf6c\" href=\"https:\/\/dpsmarszalki.pl\/wp-content\/uploads\/2025\/07\/Zalacznik_nr_7_do_Programu_OW_JST-2025_karta_zgloszenia1.docx\">Za\u0142\u0105cznik_nr_7_do_Programu_OW_JST-2025_karta_zg\u0142oszenia(1)<\/a><a href=\"https:\/\/dpsmarszalki.pl\/wp-content\/uploads\/2025\/07\/Zalacznik_nr_7_do_Programu_OW_JST-2025_karta_zgloszenia1.docx\" class=\"wp-block-file__button wp-element-button\" download aria-describedby=\"wp-block-file--media-cd75fd40-5b00-4f6e-8f78-972403a2bf6c\">Pobierz<\/a><\/div>\n\n\n\n<ul class=\"wp-block-list\">\n<li>ankieta opiekuna<\/li>\n<\/ul>\n\n\n\n<div class=\"wp-block-file\"><a id=\"wp-block-file--media-1fb73088-cda6-44ec-9430-9a05f264705d\" href=\"https:\/\/dpsmarszalki.pl\/wp-content\/uploads\/2025\/07\/ankieta-opisowa-osoby-zaleznej1.odt\">ankieta opisowa osoby zaleznej(1)<\/a><a href=\"https:\/\/dpsmarszalki.pl\/wp-content\/uploads\/2025\/07\/ankieta-opisowa-osoby-zaleznej1.odt\" class=\"wp-block-file__button wp-element-button\" download aria-describedby=\"wp-block-file--media-1fb73088-cda6-44ec-9430-9a05f264705d\">Pobierz<\/a><\/div>\n\n\n\n<ul class=\"wp-block-list\">\n<li>o\u015bwiadczenie o korzystaniu b\u0105d\u017a nie korzystaniu z o\u015brodka wsparcia<\/li>\n<\/ul>\n\n\n\n<div class=\"wp-block-file\"><a id=\"wp-block-file--media-54c6b95a-d2de-4545-9822-406d64f7a933\" href=\"https:\/\/dpsmarszalki.pl\/wp-content\/uploads\/2025\/07\/oswiadczenie-o-korzystaniu-lub-nie-z-osrodka-wsparcia-lub-placowki-calodobowej.odt\">o\u015bwiadczenie o korzystaniu lub nie z o\u015brodka wsparcia lub placowki ca\u0142odobowej<\/a><a href=\"https:\/\/dpsmarszalki.pl\/wp-content\/uploads\/2025\/07\/oswiadczenie-o-korzystaniu-lub-nie-z-osrodka-wsparcia-lub-placowki-calodobowej.odt\" class=\"wp-block-file__button wp-element-button\" download aria-describedby=\"wp-block-file--media-54c6b95a-d2de-4545-9822-406d64f7a933\">Pobierz<\/a><\/div>\n\n\n\n<ul class=\"wp-block-list\">\n<li>karta pomiaru niezale\u017cno\u015bci funkcjonalnej, wype\u0142niona przez lekarza lub piel\u0119gniark\u0119 (wa\u017cna 14 dni przed przyj\u0119ciem)<\/li>\n<\/ul>\n\n\n\n<div class=\"wp-block-file\"><a id=\"wp-block-file--media-7c6f64d3-6cd3-4759-9fed-89bb7b25dd7a\" href=\"https:\/\/dpsmarszalki.pl\/wp-content\/uploads\/2025\/07\/karta-pomiaru.odt\">karta pomiaru<\/a><a href=\"https:\/\/dpsmarszalki.pl\/wp-content\/uploads\/2025\/07\/karta-pomiaru.odt\" class=\"wp-block-file__button wp-element-button\" download aria-describedby=\"wp-block-file--media-7c6f64d3-6cd3-4759-9fed-89bb7b25dd7a\">Pobierz<\/a><\/div>\n\n\n\n<ul class=\"wp-block-list\">\n<li>wykaz lek\u00f3w, wype\u0142niony przez lekarza (wa\u017cny 14 dni przed przyj\u0119ciem)<\/li>\n<\/ul>\n\n\n\n<div class=\"wp-block-file\"><a id=\"wp-block-file--media-4b094af1-96ee-45da-b1e1-7628ef3d9539\" href=\"https:\/\/dpsmarszalki.pl\/wp-content\/uploads\/2025\/07\/wykaz-lekow-1.odt\">wykaz lek\u00f3w 1<\/a><a href=\"https:\/\/dpsmarszalki.pl\/wp-content\/uploads\/2025\/07\/wykaz-lekow-1.odt\" class=\"wp-block-file__button wp-element-button\" download aria-describedby=\"wp-block-file--media-4b094af1-96ee-45da-b1e1-7628ef3d9539\">Pobierz<\/a><\/div>\n\n\n\n<p>Informacje dotycz\u0105ce przygotowania do pobytu:<\/p>\n\n\n\n<div class=\"wp-block-file\"><a id=\"wp-block-file--media-9bee5ace-46cf-4a32-bcd0-a37fd2e16805\" href=\"https:\/\/dpsmarszalki.pl\/wp-content\/uploads\/2025\/07\/Opieka-wytchnieniowa-co-zabrac.odt\">Opieka wytchnieniowa- co zabra\u0107<\/a><a href=\"https:\/\/dpsmarszalki.pl\/wp-content\/uploads\/2025\/07\/Opieka-wytchnieniowa-co-zabrac.odt\" class=\"wp-block-file__button wp-element-button\" download aria-describedby=\"wp-block-file--media-9bee5ace-46cf-4a32-bcd0-a37fd2e16805\">Pobierz<\/a><\/div>\n\n\n\n<p>W razie pyta\u0144 prosimy o kontakt- 62\/73207000 lub e-mail: awardega@dpsmarszalki.pl.<\/p>\n","protected":false},"excerpt":{"rendered":"<p>Dom Pomocy Spo\u0142ecznej w Marsza\u0142kach realizuje program opieki wytchnieniowej w ramach pobytu ca\u0142odobowego, zgodnie z uchwa\u0142\u0105: UCHWA\u0141A NR XII742025 RADY POWIATU W OSTRZESZOWIE z dnia 28 marca 2025 rPobierz Osoby z powiatu ostrzeszowskiego ustalaj\u0105 termin, jak i dokonuj\u0105 niezb\u0119dnych formalno\u015bci w porozumieniu bezpo\u015brednio z Domem Pomocy Spo\u0142ecznej. Natomiast osoby spoza powiatu ostrzeszowskiego udaj\u0105 si\u0119 do &hellip;<\/p>\n","protected":false},"author":1,"featured_media":0,"parent":0,"menu_order":0,"comment_status":"closed","ping_status":"closed","template":"","meta":{"footnotes":""},"class_list":["post-7289","page","type-page","status-publish","hentry"],"_links":{"self":[{"href":"https:\/\/dpsmarszalki.pl\/index.php?rest_route=\/wp\/v2\/pages\/7289","targetHints":{"allow":["GET"]}}],"collection":[{"href":"https:\/\/dpsmarszalki.pl\/index.php?rest_route=\/wp\/v2\/pages"}],"about":[{"href":"https:\/\/dpsmarszalki.pl\/index.php?rest_route=\/wp\/v2\/types\/page"}],"author":[{"embeddable":true,"href":"https:\/\/dpsmarszalki.pl\/index.php?rest_route=\/wp\/v2\/users\/1"}],"replies":[{"embeddable":true,"href":"https:\/\/dpsmarszalki.pl\/index.php?rest_route=%2Fwp%2Fv2%2Fcomments&post=7289"}],"version-history":[{"count":5,"href":"https:\/\/dpsmarszalki.pl\/index.php?rest_route=\/wp\/v2\/pages\/7289\/revisions"}],"predecessor-version":[{"id":7499,"href":"https:\/\/dpsmarszalki.pl\/index.php?rest_route=\/wp\/v2\/pages\/7289\/revisions\/7499"}],"wp:attachment":[{"href":"https:\/\/dpsmarszalki.pl\/index.php?rest_route=%2Fwp%2Fv2%2Fmedia&parent=7289"}],"curies":[{"name":"wp","href":"https:\/\/api.w.org\/{rel}","templated":true}]}}

<figure class="wp-block-gallery has-nested-images columns-default is-cropped wp-block-gallery-1 is-layout-flex wp-block-gallery-is-layout-flex">
<figure class="wp-block-image size-large"><a href="https://dpsmarszalki.pl/wp-content/uploads/2025/07/ulotka-wersja-15.png"><img loading="lazy" decoding="async" width="732" height="1024" data-id="7475" src="https://dpsmarszalki.pl/wp-content/uploads/2025/07/ulotka-wersja-15-732x1024.png" alt="" class="wp-image-7475" srcset="https://dpsmarszalki.pl/wp-content/uploads/2025/07/ulotka-wersja-15-732x1024.png 732w, https://dpsmarszalki.pl/wp-content/uploads/2025/07/ulotka-wersja-15-215x300.png 215w, https://dpsmarszalki.pl/wp-content/uploads/2025/07/ulotka-wersja-15-768x1074.png 768w, https://dpsmarszalki.pl/wp-content/uploads/2025/07/ulotka-wersja-15.png 864w" sizes="auto, (max-width: 732px) 100vw, 732px" /></a></figure>
</figure>



<p>Dom Pomocy Społecznej w Marszałkach realizuje program opieki wytchnieniowej w ramach pobytu całodobowego, zgodnie z uchwałą:</p>



<div class="wp-block-file"><a id="wp-block-file--media-01788361-9608-47d3-84e1-d49b90599d57" href="https://dpsmarszalki.pl/wp-content/uploads/2025/07/UCHWALA-NR-XII742025-RADY-POWIATU-W-OSTRZESZOWIE-z-dnia-28-marca-2025-r.pdf" target="_blank" rel="noreferrer noopener">UCHWAŁA NR XII742025 RADY POWIATU W OSTRZESZOWIE z dnia 28 marca 2025 r</a><a href="https://dpsmarszalki.pl/wp-content/uploads/2025/07/UCHWALA-NR-XII742025-RADY-POWIATU-W-OSTRZESZOWIE-z-dnia-28-marca-2025-r.pdf" class="wp-block-file__button wp-element-button" download aria-describedby="wp-block-file--media-01788361-9608-47d3-84e1-d49b90599d57">Pobierz</a></div>



<p>Osoby z powiatu ostrzeszowskiego ustalają termin, jak i dokonują niezbędnych formalności w porozumieniu bezpośrednio z Domem Pomocy Społecznej. Natomiast osoby spoza powiatu ostrzeszowskiego udają się do Ośrodka Pomocy Społecznej miejsca zamieszkania i proszą o zawarcie porozumienia między gminą/ powiatem a powiatem ostrzeszowskim na realizację opieki wytchnieniowej.</p>





<div class="wp-block-file"><a id="wp-block-file--media-65a202d9-7233-4f37-a44e-107d6864975d" href="https://dpsmarszalki.pl/wp-content/uploads/2025/07/Porozumienie-powiat-gmina-3-5.docx">Porozumienie powiat-gmina (3)</a><a href="https://dpsmarszalki.pl/wp-content/uploads/2025/07/Porozumienie-powiat-gmina-3-5.docx" class="wp-block-file__button wp-element-button" download aria-describedby="wp-block-file--media-65a202d9-7233-4f37-a44e-107d6864975d">Pobierz</a></div>



<p>Dokumenty, niezbędne do skorzystania z usług opieki wytchnieniowej:</p>



<ul class="wp-block-list">
<li>orzeczenie o znacznym stopniu niepełnosprawności (zgodnie z ustawą z dnia 27 sierpnia 1997r. o rehabilitacji zawodowej i społecznej oraz zatrudnianiu osób niepełnosprawnych (Dz. U. z 2021 r. poz. 573) albo orzeczenie traktowane na równi z orzeczeniem o znacznym stopniu niepełnosprawności (zgodnie z art. 5 i art. 62 ustawy z dnia 27 sierpnia 1997 r. o rehabilitacji zawodowej i społecznej oraz zatrudnianiu osób niepełnosprawnych (Dz.U. z 2023 r. poz.100, z późn. zm.) poprzez możliwość uzyskania doraźnej, czasowej pomocy w formie usługi opieki wytchnieniowej,</li>
</ul>



<ul class="wp-block-list">
<li>karta zgłoszenia do Programu &#8222;Opieka wytchnieniowa&#8221; dla Jednostek Samorządu Terytorialnego- edycja 2025 </li>
</ul>



<div class="wp-block-file"><a id="wp-block-file--media-cd75fd40-5b00-4f6e-8f78-972403a2bf6c" href="https://dpsmarszalki.pl/wp-content/uploads/2025/07/Zalacznik_nr_7_do_Programu_OW_JST-2025_karta_zgloszenia1.docx">Załącznik_nr_7_do_Programu_OW_JST-2025_karta_zgłoszenia(1)</a><a href="https://dpsmarszalki.pl/wp-content/uploads/2025/07/Zalacznik_nr_7_do_Programu_OW_JST-2025_karta_zgloszenia1.docx" class="wp-block-file__button wp-element-button" download aria-describedby="wp-block-file--media-cd75fd40-5b00-4f6e-8f78-972403a2bf6c">Pobierz</a></div>



<ul class="wp-block-list">
<li>ankieta opiekuna</li>
</ul>



<div class="wp-block-file"><a id="wp-block-file--media-1fb73088-cda6-44ec-9430-9a05f264705d" href="https://dpsmarszalki.pl/wp-content/uploads/2025/07/ankieta-opisowa-osoby-zaleznej1.odt">ankieta opisowa osoby zaleznej(1)</a><a href="https://dpsmarszalki.pl/wp-content/uploads/2025/07/ankieta-opisowa-osoby-zaleznej1.odt" class="wp-block-file__button wp-element-button" download aria-describedby="wp-block-file--media-1fb73088-cda6-44ec-9430-9a05f264705d">Pobierz</a></div>



<ul class="wp-block-list">
<li>oświadczenie o korzystaniu bądź nie korzystaniu z ośrodka wsparcia</li>
</ul>



<div class="wp-block-file"><a id="wp-block-file--media-54c6b95a-d2de-4545-9822-406d64f7a933" href="https://dpsmarszalki.pl/wp-content/uploads/2025/07/oswiadczenie-o-korzystaniu-lub-nie-z-osrodka-wsparcia-lub-placowki-calodobowej.odt">oświadczenie o korzystaniu lub nie z ośrodka wsparcia lub placowki całodobowej</a><a href="https://dpsmarszalki.pl/wp-content/uploads/2025/07/oswiadczenie-o-korzystaniu-lub-nie-z-osrodka-wsparcia-lub-placowki-calodobowej.odt" class="wp-block-file__button wp-element-button" download aria-describedby="wp-block-file--media-54c6b95a-d2de-4545-9822-406d64f7a933">Pobierz</a></div>



<ul class="wp-block-list">
<li>karta pomiaru niezależności funkcjonalnej, wypełniona przez lekarza lub pielęgniarkę (ważna 14 dni przed przyjęciem)</li>
</ul>



<div class="wp-block-file"><a id="wp-block-file--media-7c6f64d3-6cd3-4759-9fed-89bb7b25dd7a" href="https://dpsmarszalki.pl/wp-content/uploads/2025/07/karta-pomiaru.odt">karta pomiaru</a><a href="https://dpsmarszalki.pl/wp-content/uploads/2025/07/karta-pomiaru.odt" class="wp-block-file__button wp-element-button" download aria-describedby="wp-block-file--media-7c6f64d3-6cd3-4759-9fed-89bb7b25dd7a">Pobierz</a></div>



<ul class="wp-block-list">
<li>wykaz leków, wypełniony przez lekarza (ważny 14 dni przed przyjęciem)</li>
</ul>



<div class="wp-block-file"><a id="wp-block-file--media-4b094af1-96ee-45da-b1e1-7628ef3d9539" href="https://dpsmarszalki.pl/wp-content/uploads/2025/07/wykaz-lekow-1.odt">wykaz leków 1</a><a href="https://dpsmarszalki.pl/wp-content/uploads/2025/07/wykaz-lekow-1.odt" class="wp-block-file__button wp-element-button" download aria-describedby="wp-block-file--media-4b094af1-96ee-45da-b1e1-7628ef3d9539">Pobierz</a></div>



<p>Informacje dotyczące przygotowania do pobytu:</p>



<div class="wp-block-file"><a id="wp-block-file--media-9bee5ace-46cf-4a32-bcd0-a37fd2e16805" href="https://dpsmarszalki.pl/wp-content/uploads/2025/07/Opieka-wytchnieniowa-co-zabrac.odt">Opieka wytchnieniowa- co zabrać</a><a href="https://dpsmarszalki.pl/wp-content/uploads/2025/07/Opieka-wytchnieniowa-co-zabrac.odt" class="wp-block-file__button wp-element-button" download aria-describedby="wp-block-file--media-9bee5ace-46cf-4a32-bcd0-a37fd2e16805">Pobierz</a></div>



<p>W razie pytań prosimy o kontakt- 62/73207000 lub e-mail: awardega@dpsmarszalki.pl.</p>

<p>Dom Pomocy Społecznej w Marszałkach realizuje program opieki wytchnieniowej w ramach pobytu całodobowego, zgodnie z uchwałą: UCHWAŁA NR XII742025 RADY POWIATU W OSTRZESZOWIE z dnia 28 marca 2025 rPobierz Osoby z powiatu ostrzeszowskiego ustalają termin, jak i dokonują niezbędnych formalności w porozumieniu bezpośrednio z Domem Pomocy Społecznej. Natomiast osoby spoza powiatu ostrzeszowskiego udają się do &hellip;</p>
