{"id":9310,"date":"2026-02-11T11:33:03","date_gmt":"2026-02-11T11:33:03","guid":{"rendered":"https:\/\/dpsmarszalki.pl\/?page_id=9310"},"modified":"2026-04-23T08:29:57","modified_gmt":"2026-04-23T08:29:57","slug":"opieka-wytchnieniowa-edycja-2026","status":"publish","type":"page","link":"https:\/\/dpsmarszalki.pl\/?page_id=9310","title":{"rendered":"Opieka wytchnieniowa &#8211; edycja 2026"},"content":{"rendered":"\n<p><\/p>\n\n\n\n<figure class=\"wp-block-image size-large\"><img loading=\"lazy\" decoding=\"async\" width=\"732\" height=\"1024\" src=\"https:\/\/dpsmarszalki.pl\/wp-content\/uploads\/2026\/04\/image-732x1024.png\" alt=\"\" class=\"wp-image-10051\" srcset=\"https:\/\/dpsmarszalki.pl\/wp-content\/uploads\/2026\/04\/image-732x1024.png 732w, https:\/\/dpsmarszalki.pl\/wp-content\/uploads\/2026\/04\/image-215x300.png 215w, https:\/\/dpsmarszalki.pl\/wp-content\/uploads\/2026\/04\/image-768x1074.png 768w, https:\/\/dpsmarszalki.pl\/wp-content\/uploads\/2026\/04\/image.png 864w\" sizes=\"auto, (max-width: 732px) 100vw, 732px\" \/><\/figure>\n\n\n\n<p class=\"has-text-align-center\">Osoby z powiatu ostrzeszowskiego ustalaj\u0105 termin, jak i dokonuj\u0105 niezb\u0119dnych formalno\u015bci w porozumieniu bezpo\u015brednio z Domem Pomocy Spo\u0142ecznej. Natomiast osoby spoza powiatu ostrzeszowskiego udaj\u0105 si\u0119 do O\u015brodka Pomocy Spo\u0142ecznej miejsca zamieszkania i prosz\u0105 o zawarcie porozumienia mi\u0119dzy gmin\u0105\/ powiatem a powiatem ostrzeszowskim na realizacj\u0119 opieki wytchnieniowej.<\/p>\n\n\n\n<p><a href=\"https:\/\/dpsmarszalki.pl\/wp-content\/uploads\/2026\/04\/Dziennik-Urzedowy-2.pdf\">https:\/\/dpsmarszalki.pl\/wp-content\/uploads\/2026\/04\/Dziennik-Urzedowy-2.pdf<\/a><\/p>\n\n\n\n<div class=\"wp-block-file\"><a id=\"wp-block-file--media-480a5393-eae4-4089-9e85-01e56a9faa66\" href=\"https:\/\/dpsmarszalki.pl\/wp-content\/uploads\/2026\/02\/Klauzula-informacyjna-opieka-wytchnieniowa-2026-6.pdf\">Klauzula informacyjna &#8211; opieka wytchnieniowa 2026<\/a><a href=\"https:\/\/dpsmarszalki.pl\/wp-content\/uploads\/2026\/02\/Klauzula-informacyjna-opieka-wytchnieniowa-2026-6.pdf\" class=\"wp-block-file__button wp-element-button\" download aria-describedby=\"wp-block-file--media-480a5393-eae4-4089-9e85-01e56a9faa66\">Pobierz<\/a><\/div>\n\n\n\n<div class=\"wp-block-file\"><a id=\"wp-block-file--media-6dfbbbaa-1b9f-4825-95df-e6899d5dacd0\" href=\"https:\/\/dpsmarszalki.pl\/wp-content\/uploads\/2026\/02\/PROGRAM-OW-JST-EDYCJA_2026.pdf\">PROGRAM-OW-JST-EDYCJA_2026<\/a><a href=\"https:\/\/dpsmarszalki.pl\/wp-content\/uploads\/2026\/02\/PROGRAM-OW-JST-EDYCJA_2026.pdf\" class=\"wp-block-file__button wp-element-button\" download aria-describedby=\"wp-block-file--media-6dfbbbaa-1b9f-4825-95df-e6899d5dacd0\">Pobierz<\/a><\/div>\n\n\n\n<div class=\"wp-block-group is-nowrap is-layout-flex wp-container-core-group-is-layout-ad2f72ca wp-block-group-is-layout-flex\">\n<p>Dokumenty, niezb\u0119dne do skorzystania z us\u0142ug opieki wytchnieniowej:<\/p>\n<\/div>\n\n\n\n<ul class=\"wp-block-list\">\n<li>orzeczenie o znacznym stopniu niepe\u0142nosprawno\u015bci albo orzeczenie traktowane na r\u00f3wni z orzeczeniem o znacznym stopniu niepe\u0142nosprawno\u015bci (zgodnie z art. 5 i art. 62 ustawy z dnia 27 sierpnia 1997 r. o rehabilitacji zawodowej i spo\u0142ecznej oraz zatrudnianiu os\u00f3b niepe\u0142nosprawnych (Dz.U. z 2025 r. poz.913) poprzez mo\u017cliwo\u015b\u0107 uzyskania dora\u017anej, czasowej pomocy w formie us\u0142ugi opieki wytchnieniowej,<\/li>\n\n\n\n<li>karta zg\u0142oszenia do Programu \u201eOpieka wytchnieniowa\u201d dla Jednostek Samorz\u0105du Terytorialnego- edycja 2026<\/li>\n<\/ul>\n\n\n\n<div class=\"wp-block-file\"><a id=\"wp-block-file--media-cf37204d-8377-43b3-b70b-df552726abbb\" href=\"https:\/\/dpsmarszalki.pl\/wp-content\/uploads\/2026\/02\/Zalacznik-nr-8-do-Programu-OW-JST-2026_karta-realizacji-uslug.docx\">Zalacznik-nr-8-do-Programu-OW-JST-2026_karta-realizacji-uslug<\/a><a href=\"https:\/\/dpsmarszalki.pl\/wp-content\/uploads\/2026\/02\/Zalacznik-nr-8-do-Programu-OW-JST-2026_karta-realizacji-uslug.docx\" class=\"wp-block-file__button wp-element-button\" download aria-describedby=\"wp-block-file--media-cf37204d-8377-43b3-b70b-df552726abbb\">Pobierz<\/a><\/div>\n\n\n\n<ul class=\"wp-block-list\">\n<li>ankieta opiekuna<\/li>\n<\/ul>\n\n\n\n<div class=\"wp-block-file\"><a id=\"wp-block-file--media-3100b814-3455-4b52-a821-8de973851edf\" href=\"https:\/\/dpsmarszalki.pl\/wp-content\/uploads\/2026\/04\/ankieta-opisowa-osoby-zaleznej1-1.odt\">ankieta opisowa osoby zaleznej(1)<\/a><a href=\"https:\/\/dpsmarszalki.pl\/wp-content\/uploads\/2026\/04\/ankieta-opisowa-osoby-zaleznej1-1.odt\" class=\"wp-block-file__button wp-element-button\" download aria-describedby=\"wp-block-file--media-3100b814-3455-4b52-a821-8de973851edf\">Pobierz<\/a><\/div>\n\n\n\n<ul class=\"wp-block-list\">\n<li>o\u015bwiadczenie o korzystaniu b\u0105d\u017a nie korzystaniu z o\u015brodka wsparcia<\/li>\n<\/ul>\n\n\n\n<div class=\"wp-block-file\"><a id=\"wp-block-file--media-681061f5-070f-4b78-acca-8a3334dcca90\" href=\"https:\/\/dpsmarszalki.pl\/wp-content\/uploads\/2026\/04\/oswiadczenie-o-korzystaniu-lub-nie-z-osrodka-wsparcia-lub-placowki-calodobowej.odt\">o\u015bwiadczenie o korzystaniu lub nie z o\u015brodka wsparcia lub placowki ca\u0142odobowej<\/a><a href=\"https:\/\/dpsmarszalki.pl\/wp-content\/uploads\/2026\/04\/oswiadczenie-o-korzystaniu-lub-nie-z-osrodka-wsparcia-lub-placowki-calodobowej.odt\" class=\"wp-block-file__button wp-element-button\" download aria-describedby=\"wp-block-file--media-681061f5-070f-4b78-acca-8a3334dcca90\">Pobierz<\/a><\/div>\n\n\n\n<ul class=\"wp-block-list\">\n<li>karta pomiaru niezale\u017cno\u015bci funkcjonalnej, wype\u0142niona przez lekarza lub piel\u0119gniark\u0119 (wa\u017cna 14 dni przed przyj\u0119ciem)<\/li>\n<\/ul>\n\n\n\n<div class=\"wp-block-file\"><a id=\"wp-block-file--media-9ec4ecb4-c6e0-47d1-b7e0-573fb9aaf627\" href=\"https:\/\/dpsmarszalki.pl\/wp-content\/uploads\/2026\/04\/karta-pomiaru.odt\">karta pomiaru<\/a><a href=\"https:\/\/dpsmarszalki.pl\/wp-content\/uploads\/2026\/04\/karta-pomiaru.odt\" class=\"wp-block-file__button wp-element-button\" download aria-describedby=\"wp-block-file--media-9ec4ecb4-c6e0-47d1-b7e0-573fb9aaf627\">Pobierz<\/a><\/div>\n\n\n\n<ul class=\"wp-block-list\">\n<li>wykaz lek\u00f3w, wype\u0142niony przez lekarza (wa\u017cny 14 dni przed przyj\u0119ciem)<\/li>\n<\/ul>\n\n\n\n<div class=\"wp-block-file\"><a id=\"wp-block-file--media-5c4d731d-e0f4-44d0-9548-e4d931f7bb6c\" href=\"https:\/\/dpsmarszalki.pl\/wp-content\/uploads\/2026\/04\/wykaz-lekow-1.odt\">wykaz lek\u00f3w 1<\/a><a href=\"https:\/\/dpsmarszalki.pl\/wp-content\/uploads\/2026\/04\/wykaz-lekow-1.odt\" class=\"wp-block-file__button wp-element-button\" download aria-describedby=\"wp-block-file--media-5c4d731d-e0f4-44d0-9548-e4d931f7bb6c\">Pobierz<\/a><\/div>\n\n\n\n<p>Informacje dotycz\u0105ce przygotowania do pobytu:<\/p>\n\n\n\n<div class=\"wp-block-file\"><a id=\"wp-block-file--media-59c716a8-7bb4-4759-a2f7-b7033d3c28b6\" href=\"https:\/\/dpsmarszalki.pl\/wp-content\/uploads\/2026\/04\/Opieka-wytchnieniowa-co-zabrac.odt\">Opieka wytchnieniowa- co zabra\u0107<\/a><a href=\"https:\/\/dpsmarszalki.pl\/wp-content\/uploads\/2026\/04\/Opieka-wytchnieniowa-co-zabrac.odt\" class=\"wp-block-file__button wp-element-button\" download aria-describedby=\"wp-block-file--media-59c716a8-7bb4-4759-a2f7-b7033d3c28b6\">Pobierz<\/a><\/div>\n\n\n\n<p><\/p>\n\n\n\n<p><strong>Dane kontaktowe koordynatora Programu:<\/strong><\/p>\n\n\n\n<p>Pani Agnieszka Ward\u0119ga &#8211; Kierownik Dzia\u0142u Terapeutyczno-Opieku\u0144czego w Domu Pomocy Spo\u0142ecznej w Marsza\u0142kach tel. 62 732 07 00 ,e-mail: <a href=\"mailto:awardega@dpsmarszalki.pl\">awardega@dpsmarszalki.pl<\/a>                                                                                               <\/p>\n\n\n\n<div class=\"wp-block-group\"><div class=\"wp-block-group__inner-container is-layout-constrained wp-block-group-is-layout-constrained\">\n<p><strong>Sprawy zwi\u0105zane z przyst\u0105pieniem do programu i jego realizacj\u0105 za\u0142atwi\u0107 mo\u017cna pod adresem:<\/strong><\/p>\n\n\n\n<ul class=\"wp-block-list\">\n<li><em>DOM POMOCY SPO\u0141ECZNEJ W MARSZA\u0141KACH<\/em><\/li>\n\n\n\n<li>Marsza\u0142ki 15, 63 \u2013 520 Grab\u00f3w nad Prosn\u0105<\/li>\n\n\n\n<li>tel. 062 732 07 00&nbsp;&nbsp;&nbsp;&nbsp;&nbsp;&nbsp;&nbsp;&nbsp;&nbsp;&nbsp;&nbsp;&nbsp;<\/li>\n\n\n\n<li>&nbsp;e-mail: dps@dpsmarszalki.pl<\/li>\n\n\n\n<li>e- dor\u0119czenia: AE:PL-43890-97198-TDBRU-15od poniedzia\u0142ku do pi\u0105tku, w godzinach: 7.00-15.00<\/li>\n<\/ul>\n<\/div><\/div>\n\n\n\n<p><\/p>\n","protected":false},"excerpt":{"rendered":"<p>Osoby z powiatu ostrzeszowskiego ustalaj\u0105 termin, jak i dokonuj\u0105 niezb\u0119dnych formalno\u015bci w porozumieniu bezpo\u015brednio z Domem Pomocy Spo\u0142ecznej. Natomiast osoby spoza powiatu ostrzeszowskiego udaj\u0105 si\u0119 do O\u015brodka Pomocy Spo\u0142ecznej miejsca zamieszkania i prosz\u0105 o zawarcie porozumienia mi\u0119dzy gmin\u0105\/ powiatem a powiatem ostrzeszowskim na realizacj\u0119 opieki wytchnieniowej. https:\/\/dpsmarszalki.pl\/wp-content\/uploads\/2026\/04\/Dziennik-Urzedowy-2.pdf Klauzula informacyjna &#8211; opieka wytchnieniowa 2026Pobierz PROGRAM-OW-JST-EDYCJA_2026Pobierz Dokumenty, &hellip;<\/p>\n","protected":false},"author":1,"featured_media":0,"parent":0,"menu_order":0,"comment_status":"closed","ping_status":"closed","template":"","meta":{"footnotes":""},"class_list":["post-9310","page","type-page","status-publish","hentry"],"_links":{"self":[{"href":"https:\/\/dpsmarszalki.pl\/index.php?rest_route=\/wp\/v2\/pages\/9310","targetHints":{"allow":["GET"]}}],"collection":[{"href":"https:\/\/dpsmarszalki.pl\/index.php?rest_route=\/wp\/v2\/pages"}],"about":[{"href":"https:\/\/dpsmarszalki.pl\/index.php?rest_route=\/wp\/v2\/types\/page"}],"author":[{"embeddable":true,"href":"https:\/\/dpsmarszalki.pl\/index.php?rest_route=\/wp\/v2\/users\/1"}],"replies":[{"embeddable":true,"href":"https:\/\/dpsmarszalki.pl\/index.php?rest_route=%2Fwp%2Fv2%2Fcomments&post=9310"}],"version-history":[{"count":10,"href":"https:\/\/dpsmarszalki.pl\/index.php?rest_route=\/wp\/v2\/pages\/9310\/revisions"}],"predecessor-version":[{"id":10072,"href":"https:\/\/dpsmarszalki.pl\/index.php?rest_route=\/wp\/v2\/pages\/9310\/revisions\/10072"}],"wp:attachment":[{"href":"https:\/\/dpsmarszalki.pl\/index.php?rest_route=%2Fwp%2Fv2%2Fmedia&parent=9310"}],"curies":[{"name":"wp","href":"https:\/\/api.w.org\/{rel}","templated":true}]}}